 is the greatest common divisor of 110 and o?
22
Suppose b - 4 - 14 = 0. Let g be (-29)/(-261) - (-196)/b. What is the greatest common factor of g and 176?
11
Let c be 43/3 + (-2)/(-3). Let l(d) = -18*d**3 - 6*d**2 - 2*d - 4. Let o be l(-2). What is the greatest common factor of o and c?
15
Let h be 21936/192 + (-2)/8. Calculate the highest common divisor of h and 399.
57
Suppose -5*x + 11 + 149 = 0. Suppose -4*s - 1 - 11 = 0. Let j be (-1 - -5)/(s + 4). What is the highest common divisor of x and j?
4
Suppose w = r - 3, -31 = -3*w + 2*r - 7*r. Calculate the highest common factor of 74 and w.
2
Let x(j) = -18*j - 2. Suppose -2 = i + i. Let f be x(i). Suppose m + 4*u = 132, u + 129 = m + 2*u. What is the highest common divisor of f and m?
16
Let o(v) = 3*v - 13. Let p be o(5). Let w be 15/p*(-4)/(-5). What is the highest common divisor of 48 and w?
6
Suppose 0 = 2*u - 4*u + 30. Let i be (-2 - (-80)/u)*63/6. What is the highest common factor of 35 and i?
35
Let m be 110 + -1 - (8 + -7). Let c be 2*-2*m/(-48). What is the greatest common divisor of c and 1?
1
Let m be 70/(-60)*-6 - -182. What is the greatest common divisor of 504 and m?
63
Let u be ((-837)/(-45))/(2/10). Suppose 5*d + 6 - u = -f, 5*d = 2*f - 129. What is the greatest common factor of f and 18?
18
Let d be 9/((-6)/(6/(-1))). Let a be (-3)/5*d/(45/(-125)). Calculate the highest common factor of a and 165.
15
Let d = -3 - -8. Suppose -4*h - 32 = -d*h. Let i = h - 23. Calculate the greatest common factor of i and 27.
9
Let x(m) = 3*m**2 - 13*m - 5. Let l be x(5). Let t be 3/l + (-208)/(-20). What is the highest common factor of t and 22?
11
Let s = -18 - -183. Calculate the highest common divisor of 605 and s.
55
Let m = 144 + -104. What is the highest common factor of m and 480?
40
Suppose -3*v - 2*f + 18 = -132, -4*v - f + 195 = 0. Suppose y = -4*x + 48, v = x + 3*x + 2*y. Calculate the greatest common factor of x and 48.
12
Let m be (-2)/(-4) - 35/10. Let k(a) be the first derivative of -35*a**2 + 16. Let y be k(m). What is the greatest common divisor of 30 and y?
30
Let q be 10/(-3) + (-1)/(-3). Let m(x) = x**3 + 4*x**2 - 3*x - 2. Let v be m(q). Suppose 439*b - 6 = 436*b. What is the greatest common divisor of b and v?
2
Suppose -43 = -3*l - 4*s, -4*l = -s - 0*s - 70. Suppose -16*q = -l*q + 33. What is the greatest common divisor of 22 and q?
11
Let i be 11/(-2 + ((-624)/(-152))/2). Let j = -28 + 47. Calculate the greatest common divisor of i and j.
19
Let f be (30/(-45))/((-1)/18). Suppose 4*v - f = -2*t, 4*t - 5*v = -2*v - 9. Suppose t = 7*o - 2*o - 10. What is the highest common divisor of 2 and o?
2
Let j be -67 + -1 + -1 - 2. Let i = j - -125. What is the greatest common divisor of i and 36?
18
Suppose -403 = 9*g - 25. Let b = g + 70. Calculate the highest common factor of b and 84.
28
Suppose 0 = -125*y + 216*y - 30030. Suppose 90 = 3*d - 0*d. What is the highest common factor of y and d?
30
Suppose -9*l + 1984 = -5063. Calculate the greatest common factor of l and 29.
29
Suppose 0 = -4*h - z + 531, 2*h - 4*z = -0*h + 270. What is the greatest common divisor of 14 and h?
7
Let w = -135 + 146. Calculate the highest common factor of 55 and w.
11
Let y(f) be the first derivative of f**4/4 - 23*f**3/3 - 13*f**2 + 58*f + 15. Let a be y(24). What is the highest common factor of a and 10?
10
Let h(l) = l - 3 + 54*l**2 + 3 - 1 + l**2. Let u be h(1). Let g = 0 + 5. Calculate the highest common factor of u and g.
5
Let l be 3/(-3) - (1 - 42). Let i = 96 - 164. Let z = i + 128. Calculate the highest common divisor of z and l.
20
Let t = -363 + 731. Calculate the greatest common factor of 460 and t.
92
Suppose -4*j + 28*i = 32*i - 172, 0 = 5*i + 25. Calculate the highest common divisor of 912 and j.
48
Suppose 0 = -5*h - 20 + 60. Let v be 0 + 0 - 13560/20. Let k be 0 - (v/12 + 1/2). Calculate the greatest common factor of h and k.
8
Let z = 2545 + -2463. What is the highest common factor of 2542 and z?
82
Suppose 132 + 4 = 8*l. Let s(j) = -j**2 + 17*j + 7. Let o be s(l). Let d = -4 - -11. Calculate the greatest common divisor of o and d.
7
Suppose 7*f - 144 = 304. What is the highest common factor of 40 and f?
8
Suppose 3*u - 4*q = 295, 2*u - 198 = -0*u + 3*q. Let w = 177 - u. Suppose 0*f - 3*f + 36 = 0. What is the greatest common divisor of w and f?
12
Suppose 5*a + 5*y + 47 + 48 = 0, -48 = 4*a - 3*y. Let p = a + -6. Let k = 53 + p. What is the greatest common factor of k and 8?
8
Suppose 0 = 20*u - 16*u - 24. Suppose u*f = 3*f + 24. What is the highest common factor of 2 and f?
2
Let z(f) = -f**2 + 4*f + 2. Let q = 89 + -86. Let t be z(q). Calculate the greatest common divisor of 5 and t.
5
Suppose -7*y + 478 = 30. Calculate the greatest common divisor of y and 12.
4
Let b(a) be the second derivative of a**4/12 - a**3 + 3*a. Let k be b(10). Let w = -29 + 39. What is the highest common divisor of k and w?
10
Suppose 0 = 2*m - 4*z - 124, -4*m + 3*z + 259 = 6*z. Calculate the highest common divisor of 2 and m.
2
Let j be (-4)/14 + (-4)/(-14). Let w be (0 - -2) + j + (-868)/(-14). What is the highest common factor of 8 and w?
8
Let g(k) = k - 7. Let m be 5/((-5)/(-12)) + 4. Let f be g(m). Calculate the highest common divisor of 9 and f.
9
Let m be 124/(-20) + (-12)/15. Let t = m - -13. Suppose -c = -t*c + 80. Calculate the highest common factor of 16 and c.
16
Suppose 0 = 4*f - 116 - 256. What is the greatest common divisor of f and 62?
31
Let c = -30 + 45. Suppose -c = -y + 15. Calculate the highest common divisor of 12 and y.
6
Suppose -3*f + 5*b + 26 = -38, -f = 2*b - 14. What is the highest common divisor of f and 9?
9
Let v = 24 + -16. Let j = v + -8. Suppose 3*d + 0*d - 33 = j. What is the greatest common divisor of 44 and d?
11
Suppose 3*g = -2*g - 220. Let v be (3 - g/12)*18. Suppose -6 = -p + 6. What is the greatest common factor of v and p?
12
Suppose 5*r = -0*r. Suppose 0 = -r*f + 5*f. Suppose 3*y + y - 200 = f. Calculate the greatest common factor of y and 20.
10
Let g(n) = 3*n + 9*n**3 - 7 - 4*n**3 - 4*n**2 - 4*n**3 + n**2. Let t be g(5). Calculate the greatest common divisor of t and 145.
29
Let q = -1188 - -1947. Calculate the highest common divisor of 33 and q.
33
Suppose -5*z + 379 = 4*i, -i - 74 = -z - 0*i. Suppose 3 - z = -6*q. What is the greatest common factor of 60 and q?
12
Let m(s) = -2*s**3 + 3*s**2 - s - 4. Let r be m(-3). Let z be ((-672)/r)/(2/(-15)). Let g = z + 93. What is the highest common divisor of g and 26?
26
Suppose 14*t = 4*m + 17*t - 64, 64 = 4*m - 5*t. Calculate the highest common divisor of 5 and m.
1
Suppose 5*d + 4*b = 10*d - 9184, 1832 = d - 2*b. What is the highest common factor of 80 and d?
80
Let q = 355 + -241. Suppose 5*h - 5*v = 170, -3*v = -3*h - 4*v + q. What is the greatest common factor of h and 37?
37
Let x(l) = l**2 - 25*l + 49. Let w be x(2). Suppose -111 = -5*f - n + 176, f - 51 = 3*n. Calculate the greatest common divisor of f and w.
3
Let m = -137 + 340. What is the highest common factor of m and 87?
29
Let d(i) = 2*i**2 - 3*i + 11. Let m be d(-5). Let f = m + -72. Calculate the greatest common factor of 16 and f.
4
Let m be (0 - (-6)/15) + (-972)/(-45). Calculate the greatest common factor of m and 38.
2
Let n(w) = -w + 16. Let y(c) = -8*c**3 + c. Let z be y(-1). Let d be n(z). What is the highest common factor of 18 and d?
9
Let c(v) = 31*v**2 - 3*v - 1. Suppose -2*m + 3*x - 1 = 1, 5*m - 4*x = -5. Let q be c(m). What is the highest common factor of q and 11?
11
Suppose 0 = 4*v - 4*s - 60, 2*v + s = 5*s + 30. Calculate the highest common factor of v and 5.
5
Suppose -26 = -4*w - 10. Suppose 188*x - 1882 = 63*x + 1618. What is the greatest common divisor of x and w?
4
Let y be 6*1*(-2)/(-6) + 0. Suppose -156 + 60 = -y*f. What is the highest common divisor of f and 6?
6
Let u be -4 - 276*(-3)/3. What is the greatest common factor of u and 68?
68
Let y = 478 + -465. What is the greatest common divisor of 26 and y?
13
Suppose -4*b - f + 139 = b, f = 3*b - 77. Suppose 4*z - 44 = 64. Calculate the greatest common divisor of b and z.
27
Suppose -15 = 5*i, d = -3*i - 0 - 8. Let p be d/(-1) - (-15)/3. Suppose 5*u - 25 = -n - p, -u + 2 = 0. What is the greatest common divisor of n and 11?
11
Let s = -111 + -8. Let r = s - -199. Wha